me factors of n?
2, 37
List the prime factors of (48 + -118)/(6/(-381)).
5, 7, 127
Let x be -323 + -1 - (2 - 1). Let a(p) = 215*p - 59. Let z be a(3). Let d = z + x. What are the prime factors of d?
3, 29
List the prime factors of (17/((-119)/(-25039)))/1.
7, 73
Let t = 106 - 101. Suppose -j = t*x + 173 - 2, 963 = -5*j + 2*x. Let v = j + 274. List the prime factors of v.
83
Suppose 39790 = 14*h - 9*h. What are the prime factors of h?
2, 23, 173
Suppose 56*n - 6344324 = -42*n. List the prime factors of n.
2, 32369
Suppose 693508 - 314225 = 51*h - 571357. What are the prime factors of h?
2, 5, 233
List the prime factors of (-195088)/(-18) - (-176)/(-792) - (-12)/(-2).
2, 677
Suppose -3*a - 2*x + 5356 = 0, 0*a = 5*a + 5*x - 8930. Let i = a - 939. List the prime factors of i.
5, 13
Suppose 731 = 5*w + 71. Let q(o) = -o**3 - 16*o**2 + 44*o - 31. Let t be q(-19). Let m = t - w. List the prime factors of m.
2, 3, 7
Let h be -2 - (-14)/6 - 5471/(-3). Let g = -1214 + h. List the prime factors of g.
2, 5, 61
Suppose -4 = j + 2*y, 16 = -5*j + 6*j - 3*y. Suppose 0 = c - 4*a - 210, -j*c + 5*c = -a + 185. List the prime factors of c.
2, 5, 19
Suppose 69*c = 94*c + 4525. Suppose 0*y - 328 = y. Let h = c - y. What are the prime factors of h?
3, 7
Let o = 34726 + -19579. What are the prime factors of o?
3, 11, 17
Let h be (-4)/(-6) - 250/(-75). Suppose 2*f + 3*b = 2*b + 31, 0 = 2*f + 5*b - 35. Suppose l - f = h. What are the prime factors of l?
19
Let v = -17 - -13. Let c be (-14)/v - (-30)/60. Suppose 3*i + 244 - 723 = -c*x, x - 3*i = 101. What are the prime factors of x?
2, 29
Let b(s) = 4*s + 7. Let m be b(-7). Let j = m - -21. Suppose -2*v = -j*v - 42. What are the prime factors of v?
3, 7
Let s be 2 + (0 - 1) + 199/(-1). Let x = 349 + s. Suppose 375 = 5*y - 3*v, 4*v + x = 4*y - 141. List the prime factors of y.
2, 3, 13
Let g = 1357 - 83. Let j = 2174 - g. What are the prime factors of j?
2, 3, 5
Let i = -55037 - -78019. What are the prime factors of i?
2, 11491
Let d = 9396 + -5946. List the prime factors of d.
2, 3, 5, 23
Let p = -2 - -2. Suppose -4*i + 2*t - 5*t + 1064 = p, -i = -5*t - 243. List the prime factors of i.
263
List the prime factors of (61 - 2431)/(((-3)/(-2))/(-1)).
2, 5, 79
Let g(o) = o**2 - 17*o + 25. Let r be g(15). What are the prime factors of -8 - 2765/(-14) - r/(-2)?
11, 17
Let m = 453 - 448. Let i(b) = -4 - 2 - 28 + 17*b. List the prime factors of i(m).
3, 17
Suppose -5*c - 21 = 4. List the prime factors of (46 - (-8 - c)) + 1*-2.
47
List the prime factors of -626*(-1 - ((-1)/(-5))/((-38)/(-190))).
2, 313
List the prime factors of 232/8*(445 - -4).
29, 449
Suppose 4*h - 6 = v - 3*v, -2*h = -3*v - 15. Let a = 6 - 4. Suppose -h*s + 29 = a. What are the prime factors of s?
3
Suppose 4*t + 2944 = -2*h, 4*h - 10*t = -15*t - 5894. Let o = 2375 + h. What are the prime factors of o?
29, 31
What are the prime factors of (-22)/2*348371/(-671)?
5711
Suppose -26*m = 39*m - 155610. Let x = 3992 - m. What are the prime factors of x?
2, 17, 47
Let y = 19414 + -8365. What are the prime factors of y?
3, 29, 127
Let v(k) = 62*k**2 - 127*k + 59. What are the prime factors of v(20)?
11, 2029
Let d = -5589 + 11267. List the prime factors of d.
2, 17, 167
Suppose -f + 14 - 10 = 0, -3*o = -5*f - 7300. Suppose -3*g = -n - n + 1623, 3*n = -g + o. What are the prime factors of n?
3, 271
Let o be 1*-6593*(-10 + 9). Suppose 25*s = 6*s + o. List the prime factors of s.
347
Suppose 0 = -2*p + q + 10, 10*q - 9*q = 4*p - 22. Let o(y) = 13*y + 113. List the prime factors of o(p).
191
Let b = 9634 - 6067. What are the prime factors of b?
3, 29, 41
What are the prime factors of 15673/21 - (-14)/21?
3, 83
Suppose 78255 = 5*p + 7*y - 133667, 3*p + 5*y - 127154 = 0. List the prime factors of p.
11, 3853
Suppose -388665 - 117698 = -12*r - 61655. What are the prime factors of r?
3, 11, 1123
Let p be 133/(-4) + -2 - (-2)/8. Let c = p - -38. Suppose -45 = -5*z - m + 340, 0 = 3*z - c*m - 213. List the prime factors of z.
2, 19
Suppose -5*h + 22065 = -5*k, -5*k = -364*h + 361*h + 13229. List the prime factors of h.
2, 47
Let d(g) = -9*g**3 + 5*g**2 + 33*g + 98. List the prime factors of d(-11).
97, 127
Suppose 1276 = -2568*q + 2572*q. What are the prime factors of q?
11, 29
Suppose 1970*m = 1995*m - 422850. List the prime factors of m.
2, 3, 2819
Let w(a) = -a**2 - 4*a + 4. Let u be w(-4). Suppose f - 5*f + u = 4*c, 5*c - 13 = 3*f. List the prime factors of -3 + 6 + -1*(c + -21).
2, 11
Suppose 0 = c + 7 - 4, -c = 2*k - 4303. What are the prime factors of k?
2153
Let i(c) = 13*c - 1. Let u = 21 - 22. Let d(l) = -4*l**3 + 1. Let h be d(u). List the prime factors of i(h).
2
List the prime factors of ((-6)/5)/(19/(-101555)) - 8.
2, 3203
Suppose 44893 = h + 5*c, 24*c = -2*h + 30*c + 89818. What are the prime factors of h?
83, 541
Let c = 10453 + -6464. What are the prime factors of c?
3989
Let k(s) = -6*s - 2 + s - 2*s**3 + 8*s**2 + 3*s**3. Let a(u) = -2*u**3 + 28*u**2 + u - 21. Let f be a(14). What are the prime factors of k(f)?
2, 41
Let z(w) be the second derivative of 81*w**4/2 - 21*w - 4. List the prime factors of z(-1).
2, 3
Suppose -5*w = -8664 - 896. Suppose 5*d - w = -2*v, 5*d + 506 = -3*v + 2414. List the prime factors of d.
2, 3
Let q(j) = -2227*j - 23. What are the prime factors of q(-1)?
2, 19, 29
List the prime factors of 2442/1*(12 - (40/(-6) - -10)).
2, 11, 13, 37
Suppose -k - l - 2*l + 115 = 0, -611 = -5*k - 3*l. List the prime factors of 2145/4 + (-31)/k.
2, 67
Let n(x) be the first derivative of -178*x**2 - 14*x + 37. List the prime factors of n(-1).
2, 3, 19
Let o(b) = -106*b + 1380. List the prime factors of o(-37).
2, 11, 241
Suppose -g + f - 46531 = -6*g, 37208 = 4*g + 5*f. Suppose 42*p - p = g. List the prime factors of p.
227
Suppose -185*h + 120*h = -2612025. List the prime factors of h.
3, 5, 19, 47
Suppose 2*i + 46 = 36, -54953 = -2*r + i. List the prime factors of r.
2, 3, 19, 241
Let w(f) = f**2 + 20*f + 78. Let u be w(-15). List the prime factors of (u - 0)/3 + 1343.
2, 3, 7
Let v(s) = s**3 + 6*s**2 + 4*s - 3. Let c be v(-5). Suppose 0 = -4*g - c*o - 20, g - 5*o = -3 - 13. What are the prime factors of (3 + 9)/(g/8)*-3?
2, 3
Let a(o) be the second derivative of -13*o**3/2 + 5*o**2/2 - 102*o. List the prime factors of a(-4).
7, 23
Let q(p) = -77*p**2 + 570*p**2 + 5 - 9*p - 4 + 9 + 262*p**2. What are the prime factors of q(1)?
2, 3, 7
Suppose 23*u - 30*u = -77. Suppose -12*q + u*q + 588 = 0. What are the prime factors of q?
2, 3, 7
Let i be (1 - (-7)/(-5))/((-14)/1540). Let x = i - 33. What are the prime factors of ((-26)/(-6))/(x/99)?
3, 13
Suppose 7*o - 8509 = 2152. Let p = o + -950. Suppose -292 = -5*u + p. List the prime factors of u.
173
Let p be ((-442)/17)/((-4)/10). Suppose 0 = 3*c - 2*c - 75. Let v = c - p. List the prime factors of v.
2, 5
Suppose -8 = 4*a, 2*a - 4336 = 5*h - 7*h. Suppose 5*b = 5*z + h, 0 = -4*z + 16. What are the prime factors of b?
2, 3, 73
List the prime factors of 13 + 12*3028/16.
2, 571
Let v(b) = 261*b + 0 + 136*b - 14 + 312*b. List the prime factors of v(1).
5, 139
Let m(b) = 34*b**2 - 5*b - 4. Let w = 48 - 49. Let n be m(w). Let h = n - 5. What are the prime factors of h?
2, 3, 5
Let n(v) = v**3 - 10*v**2 + 13*v - 26. Let j be n(9). List the prime factors of 50/(-20)*(-1068)/j.
3, 89
Suppose 13*n = 201 + 85. Let u(j) = 60*j - 213. What are the prime factors of u(n)?
3, 41
Suppose -1789*s + 4 = -1788*s, -20954 = -w + s. What are the prime factors of w?
2, 3, 7, 499
Let m be (16/(-12))/(3*(-3)/(-2646)). Let t = m - -468. What are the prime factors of t?
2, 19
Let g = 21281 + -19360. List the prime factors of g.
17, 113
Let r(w) = -8*w**2 + 12*w + 51496. What are the prime factors of r(0)?
2, 41, 157
List the prime factors of (10 - (-225)/(-20)) + (-14673)/(-4).
19, 193
What are the prime factors of -6*(-19)/(-57) - -1502*(-2)/(-1)?
2, 19, 79
Suppose -22*c + 7*c + 9495 = 0. Suppose -c = -p + 306. List the prime factors of p.
3, 313
Let y(w) = 5*w - 28. Let x be y(20). Let n be 17/(3*4/x). Let g = n + -1. List the prime factors of g.
101
Suppose 53*d = 119*d - 533478. What are the prime factors of d?
59, 137
Suppose 0 = -13*j - 4369 + 22699. Let n = -728 + j. List the prime factors of n.
2, 11, 31
Let c(w) = 117*w*